{"id":1240,"date":"2025-06-19T18:31:15","date_gmt":"2025-06-19T18:31:15","guid":{"rendered":"https:\/\/dmnoreste.com.mx\/wp\/?post_type=product&#038;p=1240"},"modified":"2025-06-20T18:03:26","modified_gmt":"2025-06-20T18:03:26","slug":"arpon-sub-twist","status":"publish","type":"product","link":"https:\/\/dmnoreste.com.mx\/?product=arpon-sub-twist","title":{"rendered":"Arp\u00f3n Sub Twist"},"content":{"rendered":"<p><strong><img fetchpriority=\"high\" decoding=\"async\" class=\"alignnone size-full wp-image-15997\" src=\"https:\/\/www.artroscopiaintegral.com.mx\/wp-content\/uploads\/2024\/06\/Detail_Subtwist.jpg\" alt=\"\" width=\"1920\" height=\"1080\" \/>Medidas<\/strong><\/p>\n<ul class=\"listText\">\n<li>SUBTwist 4.5 mm<\/li>\n<li>SUBTwist 5.5 mm<\/li>\n<\/ul>\n<p><strong>Caracter\u00edsticas<\/strong><\/p>\n<ul class=\"listText\">\n<li>Est\u00e1n microperforados para permitir el crecimiento \u00f3seo.<\/li>\n<li>Se combinan con distintos tipos de sutura logrando flexibilidad extrema.<\/li>\n<li>El anclaje SubTwist se entrega precargado con una sutura ultra resistente de retenci\u00f3n de ojales n\u00famero 2 que se puede usar para realizar fijaciones adicionales o descartar.<\/li>\n<\/ul>\n<p><strong>Cat\u00e1logo T\u00e9cnico<\/strong><\/p>\n<ul>\n<li><a href=\"https:\/\/www.artroscopiaintegral.com.mx\/wp-content\/uploads\/2024\/06\/ARPON-SUB-TWIST.pdf\" target=\"_blank\" rel=\"noopener\"><strong>Manual en PDF<\/strong><\/a><\/li>\n<\/ul>\n<p><strong>T\u00e9cnicas Quir\u00fargicas<\/strong><\/p>\n<p><iframe title=\"SubTwist - Anclaje roscado sin nudos\" width=\"500\" height=\"281\" src=\"https:\/\/www.youtube.com\/embed\/9dBRFaWRLOw?feature=oembed\" frameborder=\"0\" allow=\"accelerometer; autoplay; clipboard-write; encrypted-media; gyroscope; picture-in-picture; web-share\" referrerpolicy=\"strict-origin-when-cross-origin\" allowfullscreen><\/iframe><\/p>\n","protected":false},"excerpt":{"rendered":"<p>Medidas SUBTwist 4.5 mm SUBTwist 5.5 mm Caracter\u00edsticas Est\u00e1n microperforados para permitir el crecimiento \u00f3seo. Se combinan con distintos tipos de sutura logrando flexibilidad extrema. El anclaje SubTwist se entrega precargado con una sutura ultra resistente de retenci\u00f3n de ojales n\u00famero 2 que se puede usar para realizar fijaciones adicionales o descartar. Cat\u00e1logo T\u00e9cnico Manual [&hellip;]<\/p>\n","protected":false},"featured_media":1246,"comment_status":"open","ping_status":"closed","template":"","meta":{"pagelayer_contact_templates":[],"_pagelayer_content":""},"product_brand":[],"product_cat":[50,49,48],"product_tag":[],"class_list":{"0":"post-1240","1":"product","2":"type-product","3":"status-publish","4":"has-post-thumbnail","6":"product_cat-hombro","7":"product_cat-sai","8":"product_cat-sport-medicine","10":"first","11":"instock","12":"shipping-taxable","13":"product-type-simple"},"_links":{"self":[{"href":"https:\/\/dmnoreste.com.mx\/index.php?rest_route=\/wp\/v2\/product\/1240","targetHints":{"allow":["GET"]}}],"collection":[{"href":"https:\/\/dmnoreste.com.mx\/index.php?rest_route=\/wp\/v2\/product"}],"about":[{"href":"https:\/\/dmnoreste.com.mx\/index.php?rest_route=\/wp\/v2\/types\/product"}],"replies":[{"embeddable":true,"href":"https:\/\/dmnoreste.com.mx\/index.php?rest_route=%2Fwp%2Fv2%2Fcomments&post=1240"}],"wp:featuredmedia":[{"embeddable":true,"href":"https:\/\/dmnoreste.com.mx\/index.php?rest_route=\/wp\/v2\/media\/1246"}],"wp:attachment":[{"href":"https:\/\/dmnoreste.com.mx\/index.php?rest_route=%2Fwp%2Fv2%2Fmedia&parent=1240"}],"wp:term":[{"taxonomy":"product_brand","embeddable":true,"href":"https:\/\/dmnoreste.com.mx\/index.php?rest_route=%2Fwp%2Fv2%2Fproduct_brand&post=1240"},{"taxonomy":"product_cat","embeddable":true,"href":"https:\/\/dmnoreste.com.mx\/index.php?rest_route=%2Fwp%2Fv2%2Fproduct_cat&post=1240"},{"taxonomy":"product_tag","embeddable":true,"href":"https:\/\/dmnoreste.com.mx\/index.php?rest_route=%2Fwp%2Fv2%2Fproduct_tag&post=1240"}],"curies":[{"name":"wp","href":"https:\/\/api.w.org\/{rel}","templated":true}]}}