{"id":1254,"date":"2025-06-19T19:22:00","date_gmt":"2025-06-19T19:22:00","guid":{"rendered":"https:\/\/dmnoreste.com.mx\/wp\/?post_type=product&#038;p=1254"},"modified":"2025-06-20T18:03:28","modified_gmt":"2025-06-20T18:03:28","slug":"arpon-sub-twist-sp-2","status":"publish","type":"product","link":"https:\/\/dmnoreste.com.mx\/?product=arpon-sub-twist-sp-2","title":{"rendered":"Arp\u00f3n Sub Twist SP"},"content":{"rendered":"<p><strong><img fetchpriority=\"high\" decoding=\"async\" class=\"alignnone size-full wp-image-16000\" src=\"https:\/\/www.artroscopiaintegral.com.mx\/wp-content\/uploads\/2024\/06\/Detail_SubtwistSP.jpg\" alt=\"\" width=\"1920\" height=\"1080\" \/>Medidas<\/strong><\/p>\n<ul class=\"listText\">\n<li>SUBTwistSP 4.5 mm<\/li>\n<li>SUBTwistSP 5.5 mm<\/li>\n<\/ul>\n<p><strong>Caracter\u00edsticas<\/strong><\/p>\n<ul class=\"listText\">\n<li>El dise\u00f1o autoperforante elimina la necesidad de perforar previamente.<\/li>\n<li>Permite visualizar la reparaci\u00f3n antes de insertar el anclaje.<\/li>\n<\/ul>\n<p><strong>Cat\u00e1logo T\u00e9cnico<\/strong><\/p>\n<ul>\n<li><a href=\"https:\/\/www.artroscopiaintegral.com.mx\/wp-content\/uploads\/2024\/06\/ARPON-SUB-TWIST.pdf\" target=\"_blank\" rel=\"noopener\"><strong>Manual en PDF<\/strong><\/a><\/li>\n<\/ul>\n<p><strong>T\u00e9cnicas Quir\u00fargicas<\/strong><\/p>\n<p><iframe title=\"SubTwist - Anclaje roscado sin nudos\" width=\"500\" height=\"281\" src=\"https:\/\/www.youtube.com\/embed\/9dBRFaWRLOw?feature=oembed\" frameborder=\"0\" allow=\"accelerometer; autoplay; clipboard-write; encrypted-media; gyroscope; picture-in-picture; web-share\" referrerpolicy=\"strict-origin-when-cross-origin\" allowfullscreen><\/iframe><\/p>\n","protected":false},"excerpt":{"rendered":"<p>Medidas SUBTwistSP 4.5 mm SUBTwistSP 5.5 mm Caracter\u00edsticas El dise\u00f1o autoperforante elimina la necesidad de perforar previamente. Permite visualizar la reparaci\u00f3n antes de insertar el anclaje. Cat\u00e1logo T\u00e9cnico Manual en PDF T\u00e9cnicas Quir\u00fargicas<\/p>\n","protected":false},"featured_media":1247,"comment_status":"open","ping_status":"closed","template":"","meta":{"pagelayer_contact_templates":[],"_pagelayer_content":""},"product_brand":[],"product_cat":[50,49,48],"product_tag":[],"class_list":{"0":"post-1254","1":"product","2":"type-product","3":"status-publish","4":"has-post-thumbnail","6":"product_cat-hombro","7":"product_cat-sai","8":"product_cat-sport-medicine","10":"first","11":"instock","12":"shipping-taxable","13":"product-type-simple"},"_links":{"self":[{"href":"https:\/\/dmnoreste.com.mx\/index.php?rest_route=\/wp\/v2\/product\/1254","targetHints":{"allow":["GET"]}}],"collection":[{"href":"https:\/\/dmnoreste.com.mx\/index.php?rest_route=\/wp\/v2\/product"}],"about":[{"href":"https:\/\/dmnoreste.com.mx\/index.php?rest_route=\/wp\/v2\/types\/product"}],"replies":[{"embeddable":true,"href":"https:\/\/dmnoreste.com.mx\/index.php?rest_route=%2Fwp%2Fv2%2Fcomments&post=1254"}],"wp:featuredmedia":[{"embeddable":true,"href":"https:\/\/dmnoreste.com.mx\/index.php?rest_route=\/wp\/v2\/media\/1247"}],"wp:attachment":[{"href":"https:\/\/dmnoreste.com.mx\/index.php?rest_route=%2Fwp%2Fv2%2Fmedia&parent=1254"}],"wp:term":[{"taxonomy":"product_brand","embeddable":true,"href":"https:\/\/dmnoreste.com.mx\/index.php?rest_route=%2Fwp%2Fv2%2Fproduct_brand&post=1254"},{"taxonomy":"product_cat","embeddable":true,"href":"https:\/\/dmnoreste.com.mx\/index.php?rest_route=%2Fwp%2Fv2%2Fproduct_cat&post=1254"},{"taxonomy":"product_tag","embeddable":true,"href":"https:\/\/dmnoreste.com.mx\/index.php?rest_route=%2Fwp%2Fv2%2Fproduct_tag&post=1254"}],"curies":[{"name":"wp","href":"https:\/\/api.w.org\/{rel}","templated":true}]}}