{"id":1257,"date":"2025-06-19T19:22:01","date_gmt":"2025-06-19T19:22:01","guid":{"rendered":"https:\/\/dmnoreste.com.mx\/wp\/?post_type=product&#038;p=1257"},"modified":"2025-06-20T18:03:29","modified_gmt":"2025-06-20T18:03:29","slug":"arpon-sub-soft-1-4","status":"publish","type":"product","link":"https:\/\/dmnoreste.com.mx\/?product=arpon-sub-soft-1-4","title":{"rendered":"Arp\u00f3n Sub Soft 1.4"},"content":{"rendered":"<p><strong><img fetchpriority=\"high\" decoding=\"async\" class=\"alignnone size-full wp-image-16003\" src=\"https:\/\/www.artroscopiaintegral.com.mx\/wp-content\/uploads\/2024\/06\/Detail_subsoft1.4.jpg\" alt=\"\" width=\"1920\" height=\"1080\" \/>Medidas<\/strong><\/p>\n<ul class=\"listText\">\n<li>SUBSoft 1.4 mm<\/li>\n<li>SUBSoft 1.6 mm<\/li>\n<li>SUBSoft 2.9 mm<\/li>\n<\/ul>\n<p><strong>Caracter\u00edsticas<\/strong><\/p>\n<ul class=\"listText\">\n<li>Reduce la eliminaci\u00f3n de hueso.<\/li>\n<li>Su menor di\u00e1metro reduce la probabilidad de intersecci\u00f3n al momento de colocar varios anclajes.<\/li>\n<li>Permite m\u00faltiples puntos de fijaci\u00f3n cuando se reparan tejidos blandos al hueso.<\/li>\n<li>Alta resistencia al arranque.<\/li>\n<li>Mejora el deslizamiento entre las suturas y el anclaje, al no tener un componente r\u00edgido.<\/li>\n<li>Facilita la cirug\u00eda de revisi\u00f3n.<\/li>\n<\/ul>\n<p><strong>Cat\u00e1logo T\u00e9cnico<\/strong><\/p>\n<ul>\n<li><a href=\"https:\/\/www.artroscopiaintegral.com.mx\/wp-content\/uploads\/2024\/06\/ARPON_SUB_SOFT_1.4.pdf\" target=\"_blank\" rel=\"noopener\"><strong>Manual en PDF<\/strong><\/a><\/li>\n<\/ul>\n<p><strong>T\u00e9cnicas Quir\u00fargicas<\/strong><\/p>\n<p><iframe title=\"South America Implants S.A. - DC-548-01 ARP\u00d3N SUB SOFT 1.4\" width=\"500\" height=\"281\" src=\"https:\/\/www.youtube.com\/embed\/ImoOi4x0bdA?feature=oembed\" frameborder=\"0\" allow=\"accelerometer; autoplay; clipboard-write; encrypted-media; gyroscope; picture-in-picture; web-share\" referrerpolicy=\"strict-origin-when-cross-origin\" allowfullscreen><\/iframe><\/p>\n","protected":false},"excerpt":{"rendered":"<p>Medidas SUBSoft 1.4 mm SUBSoft 1.6 mm SUBSoft 2.9 mm Caracter\u00edsticas Reduce la eliminaci\u00f3n de hueso. Su menor di\u00e1metro reduce la probabilidad de intersecci\u00f3n al momento de colocar varios anclajes. Permite m\u00faltiples puntos de fijaci\u00f3n cuando se reparan tejidos blandos al hueso. Alta resistencia al arranque. Mejora el deslizamiento entre las suturas y el anclaje, [&hellip;]<\/p>\n","protected":false},"featured_media":1281,"comment_status":"open","ping_status":"closed","template":"","meta":{"pagelayer_contact_templates":[],"_pagelayer_content":""},"product_brand":[],"product_cat":[51,49,48],"product_tag":[],"class_list":{"0":"post-1257","1":"product","2":"type-product","3":"status-publish","4":"has-post-thumbnail","6":"product_cat-mano-y-muneca","7":"product_cat-sai","8":"product_cat-sport-medicine","10":"first","11":"instock","12":"shipping-taxable","13":"product-type-simple"},"_links":{"self":[{"href":"https:\/\/dmnoreste.com.mx\/index.php?rest_route=\/wp\/v2\/product\/1257","targetHints":{"allow":["GET"]}}],"collection":[{"href":"https:\/\/dmnoreste.com.mx\/index.php?rest_route=\/wp\/v2\/product"}],"about":[{"href":"https:\/\/dmnoreste.com.mx\/index.php?rest_route=\/wp\/v2\/types\/product"}],"replies":[{"embeddable":true,"href":"https:\/\/dmnoreste.com.mx\/index.php?rest_route=%2Fwp%2Fv2%2Fcomments&post=1257"}],"wp:featuredmedia":[{"embeddable":true,"href":"https:\/\/dmnoreste.com.mx\/index.php?rest_route=\/wp\/v2\/media\/1281"}],"wp:attachment":[{"href":"https:\/\/dmnoreste.com.mx\/index.php?rest_route=%2Fwp%2Fv2%2Fmedia&parent=1257"}],"wp:term":[{"taxonomy":"product_brand","embeddable":true,"href":"https:\/\/dmnoreste.com.mx\/index.php?rest_route=%2Fwp%2Fv2%2Fproduct_brand&post=1257"},{"taxonomy":"product_cat","embeddable":true,"href":"https:\/\/dmnoreste.com.mx\/index.php?rest_route=%2Fwp%2Fv2%2Fproduct_cat&post=1257"},{"taxonomy":"product_tag","embeddable":true,"href":"https:\/\/dmnoreste.com.mx\/index.php?rest_route=%2Fwp%2Fv2%2Fproduct_tag&post=1257"}],"curies":[{"name":"wp","href":"https:\/\/api.w.org\/{rel}","templated":true}]}}