{"id":1262,"date":"2025-06-19T19:22:04","date_gmt":"2025-06-19T19:22:04","guid":{"rendered":"https:\/\/dmnoreste.com.mx\/wp\/?post_type=product&#038;p=1262"},"modified":"2025-06-20T18:03:30","modified_gmt":"2025-06-20T18:03:30","slug":"suture-pass","status":"publish","type":"product","link":"https:\/\/dmnoreste.com.mx\/?product=suture-pass","title":{"rendered":"Suture PASS"},"content":{"rendered":"<p><strong><img fetchpriority=\"high\" decoding=\"async\" class=\"alignnone size-full wp-image-16023\" src=\"https:\/\/www.artroscopiaintegral.com.mx\/wp-content\/uploads\/2024\/06\/Detail_suturepass.jpg\" alt=\"\" width=\"1920\" height=\"1080\" \/>Medidas<\/strong><\/p>\n<ul class=\"listText\">\n<li>Left Suture Pass 25\u00b0<\/li>\n<li>Left Suture Pass 45\u00b0<\/li>\n<li>Right Suture Pass 25\u00b0<\/li>\n<li>Right Suture Pass 45\u00b0<\/li>\n<\/ul>\n<p><strong>Caracter\u00edsticas<\/strong><\/p>\n<ul class=\"listText\">\n<li>Producto descartable<\/li>\n<li>Precargado con un Loop de nitinol<\/li>\n<li>Est\u00e9ril ETO<\/li>\n<li>Di\u00e1metro exterior de punta \u00d82.0mm<\/li>\n<\/ul>\n<p><strong>Cat\u00e1logo T\u00e9cnico<\/strong><\/p>\n<ul>\n<li><a href=\"https:\/\/www.artroscopiaintegral.com.mx\/wp-content\/uploads\/2024\/06\/Suture_Pass.pdf\" target=\"_blank\" rel=\"noopener\"><strong>Manual en PDF<\/strong><\/a><\/li>\n<\/ul>\n","protected":false},"excerpt":{"rendered":"<p>Medidas Left Suture Pass 25\u00b0 Left Suture Pass 45\u00b0 Right Suture Pass 25\u00b0 Right Suture Pass 45\u00b0 Caracter\u00edsticas Producto descartable Precargado con un Loop de nitinol Est\u00e9ril ETO Di\u00e1metro exterior de punta \u00d82.0mm Cat\u00e1logo T\u00e9cnico Manual en PDF<\/p>\n","protected":false},"featured_media":1286,"comment_status":"open","ping_status":"closed","template":"","meta":{"pagelayer_contact_templates":[],"_pagelayer_content":""},"product_brand":[],"product_cat":[50,49,48],"product_tag":[],"class_list":{"0":"post-1262","1":"product","2":"type-product","3":"status-publish","4":"has-post-thumbnail","6":"product_cat-hombro","7":"product_cat-sai","8":"product_cat-sport-medicine","10":"first","11":"instock","12":"shipping-taxable","13":"product-type-simple"},"_links":{"self":[{"href":"https:\/\/dmnoreste.com.mx\/index.php?rest_route=\/wp\/v2\/product\/1262","targetHints":{"allow":["GET"]}}],"collection":[{"href":"https:\/\/dmnoreste.com.mx\/index.php?rest_route=\/wp\/v2\/product"}],"about":[{"href":"https:\/\/dmnoreste.com.mx\/index.php?rest_route=\/wp\/v2\/types\/product"}],"replies":[{"embeddable":true,"href":"https:\/\/dmnoreste.com.mx\/index.php?rest_route=%2Fwp%2Fv2%2Fcomments&post=1262"}],"wp:featuredmedia":[{"embeddable":true,"href":"https:\/\/dmnoreste.com.mx\/index.php?rest_route=\/wp\/v2\/media\/1286"}],"wp:attachment":[{"href":"https:\/\/dmnoreste.com.mx\/index.php?rest_route=%2Fwp%2Fv2%2Fmedia&parent=1262"}],"wp:term":[{"taxonomy":"product_brand","embeddable":true,"href":"https:\/\/dmnoreste.com.mx\/index.php?rest_route=%2Fwp%2Fv2%2Fproduct_brand&post=1262"},{"taxonomy":"product_cat","embeddable":true,"href":"https:\/\/dmnoreste.com.mx\/index.php?rest_route=%2Fwp%2Fv2%2Fproduct_cat&post=1262"},{"taxonomy":"product_tag","embeddable":true,"href":"https:\/\/dmnoreste.com.mx\/index.php?rest_route=%2Fwp%2Fv2%2Fproduct_tag&post=1262"}],"curies":[{"name":"wp","href":"https:\/\/api.w.org\/{rel}","templated":true}]}}