{"id":1264,"date":"2025-06-19T19:22:05","date_gmt":"2025-06-19T19:22:05","guid":{"rendered":"https:\/\/dmnoreste.com.mx\/wp\/?post_type=product&#038;p=1264"},"modified":"2025-06-20T18:03:30","modified_gmt":"2025-06-20T18:03:30","slug":"cuchillas-para-shaver","status":"publish","type":"product","link":"https:\/\/dmnoreste.com.mx\/?product=cuchillas-para-shaver","title":{"rendered":"Cuchillas para Shaver"},"content":{"rendered":"<p><strong><img fetchpriority=\"high\" decoding=\"async\" class=\"alignnone size-full wp-image-16040\" src=\"https:\/\/www.artroscopiaintegral.com.mx\/wp-content\/uploads\/2024\/06\/Detail_cuchilas_y_fresas.jpg\" alt=\"\" width=\"1920\" height=\"1080\" \/>Medidas<\/strong><\/p>\n<ul class=\"listText\">\n<li>Velocity\u00ae Full Radius Blade<\/li>\n<li>3.5mm<\/li>\n<li>4.5mm<\/li>\n<li>5.5mm<\/li>\n<li>Velocity\u00ae FastCut\u2122 Blade<\/li>\n<li>3.5mm<\/li>\n<li>4.5mm<\/li>\n<li>5.5mm<\/li>\n<li>Velocity\u00ae CleanCut\u2122 Blade<\/li>\n<li>3.5mm<\/li>\n<li>4.5mm<\/li>\n<li>5.5mm<\/li>\n<li>Velocity\u00ae Round Bur<\/li>\n<li>3.5mm<\/li>\n<li>4.5mm<\/li>\n<li>5.5mm<\/li>\n<li>Velocity\u00ae Oval Bur<\/li>\n<li>3.5mm<\/li>\n<li>4.5mm<\/li>\n<li>5.5mm<\/li>\n<\/ul>\n<p><strong>Caracter\u00edsticas<\/strong><\/p>\n<ul class=\"listText\">\n<li>Proporciona un rendimiento \u00f3ptimo con una estrategia de valor.<\/li>\n<li>Sin nuevos equipos, simplemente conecte y seccione.<\/li>\n<li>Nuevas cuchillas de precisi\u00f3n afiladas todo el tiempo, limpias todo el tiempo, sin prote\u00ednas, sin da\u00f1os, sin dudas.<\/li>\n<li>Cumpla con la precisi\u00f3n de contenci\u00f3n de costos con una estrategia de productos dise\u00f1ada para cumplir con sus objetivos financieros.<\/li>\n<li>Tama\u00f1o y estilos para los procedimientos m\u00e1s comunes de rodilla y hombro.<\/li>\n<li>Sin cambios en inventario, seis cuchillas por caja.<\/li>\n<\/ul>\n<p><strong>Cat\u00e1logo T\u00e9cnico<\/strong><\/p>\n<ul>\n<li><a href=\"https:\/\/www.artroscopiaintegral.com.mx\/wp-content\/uploads\/2024\/06\/VelocityDetailSheetStryker10516.pdf\" target=\"_blank\" rel=\"noopener\"><strong>Manual en PDF<\/strong><\/a><\/li>\n<\/ul>\n","protected":false},"excerpt":{"rendered":"<p>Medidas Velocity\u00ae Full Radius Blade 3.5mm 4.5mm 5.5mm Velocity\u00ae FastCut\u2122 Blade 3.5mm 4.5mm 5.5mm Velocity\u00ae CleanCut\u2122 Blade 3.5mm 4.5mm 5.5mm Velocity\u00ae Round Bur 3.5mm 4.5mm 5.5mm Velocity\u00ae Oval Bur 3.5mm 4.5mm 5.5mm Caracter\u00edsticas Proporciona un rendimiento \u00f3ptimo con una estrategia de valor. Sin nuevos equipos, simplemente conecte y seccione. Nuevas cuchillas de precisi\u00f3n afiladas todo [&hellip;]<\/p>\n","protected":false},"featured_media":1288,"comment_status":"open","ping_status":"closed","template":"","meta":{"pagelayer_contact_templates":[],"_pagelayer_content":""},"product_brand":[],"product_cat":[53,52],"product_tag":[],"class_list":{"0":"post-1264","1":"product","2":"type-product","3":"status-publish","4":"has-post-thumbnail","6":"product_cat-artroscopia","7":"product_cat-minima-invasion","9":"first","10":"instock","11":"shipping-taxable","12":"product-type-simple"},"_links":{"self":[{"href":"https:\/\/dmnoreste.com.mx\/index.php?rest_route=\/wp\/v2\/product\/1264","targetHints":{"allow":["GET"]}}],"collection":[{"href":"https:\/\/dmnoreste.com.mx\/index.php?rest_route=\/wp\/v2\/product"}],"about":[{"href":"https:\/\/dmnoreste.com.mx\/index.php?rest_route=\/wp\/v2\/types\/product"}],"replies":[{"embeddable":true,"href":"https:\/\/dmnoreste.com.mx\/index.php?rest_route=%2Fwp%2Fv2%2Fcomments&post=1264"}],"wp:featuredmedia":[{"embeddable":true,"href":"https:\/\/dmnoreste.com.mx\/index.php?rest_route=\/wp\/v2\/media\/1288"}],"wp:attachment":[{"href":"https:\/\/dmnoreste.com.mx\/index.php?rest_route=%2Fwp%2Fv2%2Fmedia&parent=1264"}],"wp:term":[{"taxonomy":"product_brand","embeddable":true,"href":"https:\/\/dmnoreste.com.mx\/index.php?rest_route=%2Fwp%2Fv2%2Fproduct_brand&post=1264"},{"taxonomy":"product_cat","embeddable":true,"href":"https:\/\/dmnoreste.com.mx\/index.php?rest_route=%2Fwp%2Fv2%2Fproduct_cat&post=1264"},{"taxonomy":"product_tag","embeddable":true,"href":"https:\/\/dmnoreste.com.mx\/index.php?rest_route=%2Fwp%2Fv2%2Fproduct_tag&post=1264"}],"curies":[{"name":"wp","href":"https:\/\/api.w.org\/{rel}","templated":true}]}}