{"id":1268,"date":"2025-06-19T19:22:06","date_gmt":"2025-06-19T19:22:06","guid":{"rendered":"https:\/\/dmnoreste.com.mx\/wp\/?post_type=product&#038;p=1268"},"modified":"2025-06-20T18:03:31","modified_gmt":"2025-06-20T18:03:31","slug":"shannon-burr-medium-helical-flute","status":"publish","type":"product","link":"https:\/\/dmnoreste.com.mx\/?product=shannon-burr-medium-helical-flute","title":{"rendered":"Shannon Burr Medium Helical Flute"},"content":{"rendered":"<p class=\"p1\"><b>Orificios<\/b><\/p>\n<ul class=\"listText\">\n<li>4<\/li>\n<li>5<\/li>\n<li>6<\/li>\n<li>7<\/li>\n<\/ul>\n<p class=\"p1\"><b>Caracter\u00edsticas<\/b><\/p>\n<ul class=\"listText\">\n<li>Disponible en titanio y acero inoxidable.<\/li>\n<li>La placa cuenta con orificios de compresi\u00f3n de bloqueo y orificios de bloqueo redondos que aceptan tornillos corticales y Wise-lock de 3,5 mm.<\/li>\n<li>Las placas est\u00e1n disponibles con 3 profundidades de gancho diferentes, es decir, 12 mm, 15 mm y 18 mm.<\/li>\n<li>Las tres placas de profundidad tienen 4, 5, 6 y 7 orificios.<\/li>\n<\/ul>\n<p class=\"p1\"><b>Cat\u00e1logo T\u00e9cnico<\/b><\/p>\n<ul class=\"ul1\">\n<li class=\"li1\"><a href=\"https:\/\/www.artroscopiaintegral.com.mx\/wp-content\/uploads\/2024\/06\/hallux.pdf\" target=\"_blank\" rel=\"noopener\"><b>Manual en PDF<\/b><\/a><\/li>\n<\/ul>\n","protected":false},"excerpt":{"rendered":"<p>Orificios 4 5 6 7 Caracter\u00edsticas Disponible en titanio y acero inoxidable. La placa cuenta con orificios de compresi\u00f3n de bloqueo y orificios de bloqueo redondos que aceptan tornillos corticales y Wise-lock de 3,5 mm. Las placas est\u00e1n disponibles con 3 profundidades de gancho diferentes, es decir, 12 mm, 15 mm y 18 mm. Las [&hellip;]<\/p>\n","protected":false},"featured_media":1292,"comment_status":"open","ping_status":"closed","template":"","meta":{"pagelayer_contact_templates":[],"_pagelayer_content":""},"product_brand":[],"product_cat":[54,52],"product_tag":[],"class_list":{"0":"post-1268","1":"product","2":"type-product","3":"status-publish","4":"has-post-thumbnail","6":"product_cat-hallux-valgus","7":"product_cat-minima-invasion","9":"first","10":"instock","11":"shipping-taxable","12":"product-type-simple"},"_links":{"self":[{"href":"https:\/\/dmnoreste.com.mx\/index.php?rest_route=\/wp\/v2\/product\/1268","targetHints":{"allow":["GET"]}}],"collection":[{"href":"https:\/\/dmnoreste.com.mx\/index.php?rest_route=\/wp\/v2\/product"}],"about":[{"href":"https:\/\/dmnoreste.com.mx\/index.php?rest_route=\/wp\/v2\/types\/product"}],"replies":[{"embeddable":true,"href":"https:\/\/dmnoreste.com.mx\/index.php?rest_route=%2Fwp%2Fv2%2Fcomments&post=1268"}],"wp:featuredmedia":[{"embeddable":true,"href":"https:\/\/dmnoreste.com.mx\/index.php?rest_route=\/wp\/v2\/media\/1292"}],"wp:attachment":[{"href":"https:\/\/dmnoreste.com.mx\/index.php?rest_route=%2Fwp%2Fv2%2Fmedia&parent=1268"}],"wp:term":[{"taxonomy":"product_brand","embeddable":true,"href":"https:\/\/dmnoreste.com.mx\/index.php?rest_route=%2Fwp%2Fv2%2Fproduct_brand&post=1268"},{"taxonomy":"product_cat","embeddable":true,"href":"https:\/\/dmnoreste.com.mx\/index.php?rest_route=%2Fwp%2Fv2%2Fproduct_cat&post=1268"},{"taxonomy":"product_tag","embeddable":true,"href":"https:\/\/dmnoreste.com.mx\/index.php?rest_route=%2Fwp%2Fv2%2Fproduct_tag&post=1268"}],"curies":[{"name":"wp","href":"https:\/\/api.w.org\/{rel}","templated":true}]}}