{"id":1401,"date":"2025-06-20T00:46:18","date_gmt":"2025-06-20T00:46:18","guid":{"rendered":"https:\/\/dmnoreste.com.mx\/wp\/?post_type=product&#038;p=1401"},"modified":"2025-06-26T22:28:32","modified_gmt":"2025-06-26T22:28:32","slug":"floop","status":"publish","type":"product","link":"https:\/\/dmnoreste.com.mx\/?product=floop","title":{"rendered":"Floop"},"content":{"rendered":"<p><strong><img fetchpriority=\"high\" decoding=\"async\" class=\"alignnone size-full wp-image-16020\" src=\"https:\/\/www.artroscopiaintegral.com.mx\/wp-content\/uploads\/2024\/06\/Detail_floop.jpg\" alt=\"\" width=\"1920\" height=\"1080\" \/>Medidas<\/strong><\/p>\n<ul class=\"listText\">\n<li>Floop AC 8 mm<\/li>\n<li>Floop AC 9.5 mm<\/li>\n<li>Floop AC 11 mm<\/li>\n<\/ul>\n<p><strong>Indicaciones<\/strong><\/p>\n<ul class=\"listText\">\n<li>Luxaci\u00f3n aguda Acromioclavicular<\/li>\n<li>Luxaci\u00f3n cr\u00f3nica Acromioclavicular<\/li>\n<li>Inestabilidad combinada del hombro con patolog\u00eda Acromioclavicular asociada<\/li>\n<li>Reconstrucci\u00f3n de Sindesmosis del Tobillo<\/li>\n<li>Reparaci\u00f3n de Ligamento cruzado Anterior<\/li>\n<li>Reparaci\u00f3n de ligamento cruzado Posterior<\/li>\n<li>Reparaci\u00f3n y reinserci\u00f3n tendinosa<\/li>\n<\/ul>\n<p><strong>Cat\u00e1logo T\u00e9cnico<\/strong><\/p>\n<ul>\n<li><a href=\"https:\/\/www.artroscopiaintegral.com.mx\/wp-content\/uploads\/2024\/06\/DC-057-01-FLOOP.pdf\" target=\"_blank\" rel=\"noopener\"><strong>Manual en PDF<\/strong><\/a><\/li>\n<\/ul>\n<p><strong>T\u00e9cnicas Quir\u00fargicas<\/strong><\/p>\n<p><iframe title=\"South America Implants S.A. - DC-514-00 FLOOP ACROMIOCLAVICULAR\" width=\"500\" height=\"281\" src=\"https:\/\/www.youtube.com\/embed\/tFAN1K97-7U?feature=oembed\" frameborder=\"0\" allow=\"accelerometer; autoplay; clipboard-write; encrypted-media; gyroscope; picture-in-picture; web-share\" referrerpolicy=\"strict-origin-when-cross-origin\" allowfullscreen><\/iframe><\/p>\n","protected":false},"excerpt":{"rendered":"<p>Medidas Floop AC 8 mm Floop AC 9.5 mm Floop AC 11 mm Indicaciones Luxaci\u00f3n aguda Acromioclavicular Luxaci\u00f3n cr\u00f3nica Acromioclavicular Inestabilidad combinada del hombro con patolog\u00eda Acromioclavicular asociada Reconstrucci\u00f3n de Sindesmosis del Tobillo Reparaci\u00f3n de Ligamento cruzado Anterior Reparaci\u00f3n de ligamento cruzado Posterior Reparaci\u00f3n y reinserci\u00f3n tendinosa Cat\u00e1logo T\u00e9cnico Manual en PDF T\u00e9cnicas Quir\u00fargicas<\/p>\n","protected":false},"featured_media":1285,"comment_status":"open","ping_status":"closed","template":"","meta":{"pagelayer_contact_templates":[],"_pagelayer_content":""},"product_brand":[],"product_cat":[50,49,48],"product_tag":[],"class_list":{"0":"post-1401","1":"product","2":"type-product","3":"status-publish","4":"has-post-thumbnail","6":"product_cat-hombro","7":"product_cat-sai","8":"product_cat-sport-medicine","10":"first","11":"instock","12":"shipping-taxable","13":"product-type-simple"},"_links":{"self":[{"href":"https:\/\/dmnoreste.com.mx\/index.php?rest_route=\/wp\/v2\/product\/1401","targetHints":{"allow":["GET"]}}],"collection":[{"href":"https:\/\/dmnoreste.com.mx\/index.php?rest_route=\/wp\/v2\/product"}],"about":[{"href":"https:\/\/dmnoreste.com.mx\/index.php?rest_route=\/wp\/v2\/types\/product"}],"replies":[{"embeddable":true,"href":"https:\/\/dmnoreste.com.mx\/index.php?rest_route=%2Fwp%2Fv2%2Fcomments&post=1401"}],"wp:featuredmedia":[{"embeddable":true,"href":"https:\/\/dmnoreste.com.mx\/index.php?rest_route=\/wp\/v2\/media\/1285"}],"wp:attachment":[{"href":"https:\/\/dmnoreste.com.mx\/index.php?rest_route=%2Fwp%2Fv2%2Fmedia&parent=1401"}],"wp:term":[{"taxonomy":"product_brand","embeddable":true,"href":"https:\/\/dmnoreste.com.mx\/index.php?rest_route=%2Fwp%2Fv2%2Fproduct_brand&post=1401"},{"taxonomy":"product_cat","embeddable":true,"href":"https:\/\/dmnoreste.com.mx\/index.php?rest_route=%2Fwp%2Fv2%2Fproduct_cat&post=1401"},{"taxonomy":"product_tag","embeddable":true,"href":"https:\/\/dmnoreste.com.mx\/index.php?rest_route=%2Fwp%2Fv2%2Fproduct_tag&post=1401"}],"curies":[{"name":"wp","href":"https:\/\/api.w.org\/{rel}","templated":true}]}}